{"id":616,"date":"2022-06-23T09:43:55","date_gmt":"2022-06-23T07:43:55","guid":{"rendered":"https:\/\/dieorthosprechstunde.com\/?page_id=616"},"modified":"2022-06-28T14:51:34","modified_gmt":"2022-06-28T12:51:34","slug":"ueber-mich","status":"publish","type":"page","link":"https:\/\/dieorthosprechstunde.com\/?page_id=616","title":{"rendered":"\u00dcber mich"},"content":{"rendered":"<p>[vc_row css_animation=&#8220;&#8220; row_type=&#8220;row&#8220; use_row_as_full_screen_section=&#8220;no&#8220; type=&#8220;grid&#8220; angled_section=&#8220;no&#8220; text_align=&#8220;left&#8220; background_image_as_pattern=&#8220;without_pattern&#8220; css=&#8220;.vc_custom_1656420064704{padding-top: 110px !important;padding-bottom: 100px !important;background-color: #ffffff !important;}&#8220; z_index=&#8220;&#8220;][vc_column offset=&#8220;vc_col-lg-7 vc_col-md-12&#8243;][vc_row_inner row_type=&#8220;row&#8220; type=&#8220;full_width&#8220; text_align=&#8220;left&#8220; css_animation=&#8220;&#8220;][vc_column_inner css=&#8220;.vc_custom_1519297537509{margin-right: 0px !important;border-right-width: 0px !important;padding-right: 0px !important;}&#8220;][vc_column_text]<\/p>\n<h2 style=\"text-align: left;\">Dr. med. Garvin Grebe<\/h2>\n<p>[\/vc_column_text][vc_empty_space height=&#8220;45px&#8220;][qode_elements_holder number_of_columns=&#8220;one_column&#8220;][qode_elements_holder_item advanced_animations=&#8220;no&#8220; item_padding=&#8220;0 0 0 0&#8243; item_padding_1024_1280=&#8220;0 0px 0 37px&#8220; item_padding_768_1024=&#8220;0 0 0 0&#8243; item_padding_600_768=&#8220;0 0 0 37px&#8220; item_padding_480=&#8220;0 0 0 35px&#8220;][vc_column_text]<\/p>\n<h4 style=\"text-align: left;\"><strong>Stationen<\/strong><\/h4>\n<p>[\/vc_column_text][vc_empty_space height=&#8220;22px&#8220;][vc_column_text]<\/p>\n<ul>\n<li style=\"font-weight: 400;\">2006-2012 Studium der Humanmedizin Universit\u00e4t Heidelberg<\/li>\n<li style=\"font-weight: 400;\">2012 bis 2019 ENDO Klinik Hamburg Abteilung Endoprothetik\u00a0 Prof. Dr. med. Gehrke<\/li>\n<li style=\"font-weight: 400;\">2013-2014 ENDO Klinik Abteilung Wirbels\u00e4ulenchirurgie\u00a0 PD Dr. med. Hempelman<\/li>\n<li style=\"font-weight: 400;\">2014-2015 Rotation Unfallchirurgie UKE Prof. Dr. med. R\u00fcger<\/li>\n<li style=\"font-weight: 400;\">2019-2021\u00a0 Sport Praxis Prof. Dr. med. Kabelka, Hamburg<\/li>\n<li style=\"font-weight: 400;\">Seit 2022 MVZ die Hamburger Orthop\u00e4den<\/li>\n<\/ul>\n<p>[\/vc_column_text][vc_empty_space height=&#8220;15px&#8220;][vc_empty_space height=&#8220;15px&#8220;][vc_column_text]<\/p>\n<h4 style=\"text-align: left;\"><strong>Bezeichnungen<\/strong><\/h4>\n<p>[\/vc_column_text][vc_empty_space height=&#8220;22px&#8220;][vc_column_text]<\/p>\n<ul>\n<li style=\"font-weight: 400;\">\n<p style=\"font-weight: 400;\">Zusatzbezeichnung \u201eAkupunktur\u201c 2019<\/p>\n<\/li>\n<li style=\"font-weight: 400;\">\n<p style=\"font-weight: 400;\">Zusatzbezeichnung \u201emanuelle Therapie\u201c 2019<\/p>\n<\/li>\n<li style=\"font-weight: 400;\">\n<p style=\"font-weight: 400;\">Facharzt f\u00fcr Orthop\u00e4die und Unfallchirurgie<\/p>\n<\/li>\n<\/ul>\n<p>[\/vc_column_text][vc_empty_space height=&#8220;45px&#8220;][\/qode_elements_holder_item][\/qode_elements_holder][\/vc_column_inner][\/vc_row_inner][\/vc_column][vc_column offset=&#8220;vc_col-lg-5 vc_col-md-12&#8243;][vc_single_image image=&#8220;618&#8243; img_size=&#8220;full&#8220; qode_css_animation=&#8220;&#8220; css=&#8220;.vc_custom_1655970500224{margin-right: 0px !important;border-right-width: 0px !important;padding-right: 0px !important;}&#8220;][\/vc_column][\/vc_row][vc_row css_animation=&#8220;&#8220; row_type=&#8220;row&#8220; use_row_as_full_screen_section=&#8220;no&#8220; type=&#8220;grid&#8220; angled_section=&#8220;no&#8220; text_align=&#8220;left&#8220; background_image_as_pattern=&#8220;without_pattern&#8220; css=&#8220;.vc_custom_1654446900039{padding-top: 110px !important;padding-bottom: 100px !important;background-color: #ffffff !important;}&#8220; z_index=&#8220;&#8220;][vc_column][vc_column_text]<\/p>\n<h1 style=\"text-align: center;\">Arbeitsschwerpunkte<\/h1>\n<p>[\/vc_column_text][vc_empty_space height=&#8220;30px&#8220;][\/vc_column][\/vc_row][vc_row css_animation=&#8220;&#8220; row_type=&#8220;row&#8220; use_row_as_full_screen_section=&#8220;no&#8220; type=&#8220;grid&#8220; angled_section=&#8220;no&#8220; text_align=&#8220;left&#8220; background_image_as_pattern=&#8220;without_pattern&#8220; css=&#8220;.vc_custom_1654548581531{padding-bottom: 100px !important;background-color: #5f98d2 !important;}&#8220; z_index=&#8220;&#8220;][vc_column width=&#8220;1\/4&#8243; el_class=&#8220;disable-neg-margin-resp&#8220; css=&#8220;.vc_custom_1654501807215{margin-top: -26% !important;}&#8220;]<div class='q_icon_with_title tiny custom_icon_image center '><div class=\"icon_holder \" style=\" \"><img decoding=\"async\" itemprop=\"image\" style=\"\" src=\"https:\/\/dieorthosprechstunde.com\/wp-content\/uploads\/2022\/06\/sport.png\" alt=\"\"><\/div><div class=\"icon_text_holder\" style=\"\"><div class=\"icon_text_inner\" style=\"\"><h3 class=\"icon_title\" style=\"color: #ffffff;\">Sportmedizin<\/h3><p style='color: #ffffff'><\/p><\/div><\/div><\/div>[\/vc_column][vc_column width=&#8220;1\/4&#8243; el_class=&#8220;disable-neg-margin-resp&#8220; css=&#8220;.vc_custom_1654501811284{margin-top: -26% !important;}&#8220;]<div class='q_icon_with_title tiny custom_icon_image center '><div class=\"icon_holder \" style=\" \"><img decoding=\"async\" itemprop=\"image\" style=\"\" src=\"https:\/\/dieorthosprechstunde.com\/wp-content\/uploads\/2022\/06\/nacken.png\" alt=\"\"><\/div><div class=\"icon_text_holder\" style=\"\"><div class=\"icon_text_inner\" style=\"\"><h3 class=\"icon_title\" style=\"color: #ffffff;\">Konservative Orthop\u00e4die<\/h3><p style='color: #ffffff'><\/p><\/div><\/div><\/div>[\/vc_column][vc_column width=&#8220;1\/4&#8243; el_class=&#8220;disable-neg-margin-resp&#8220; css=&#8220;.vc_custom_1654501815152{margin-top: -26% !important;}&#8220;]<div class='q_icon_with_title tiny custom_icon_image center '><div class=\"icon_holder \" style=\" \"><img decoding=\"async\" itemprop=\"image\" style=\"\" src=\"https:\/\/dieorthosprechstunde.com\/wp-content\/uploads\/2022\/06\/aku.png\" alt=\"\"><\/div><div class=\"icon_text_holder\" style=\"\"><div class=\"icon_text_inner\" style=\"\"><h3 class=\"icon_title\" style=\"color: #ffffff;\">Akupunktur<\/h3><p style='color: #ffffff'><\/p><\/div><\/div><\/div>[\/vc_column][vc_column width=&#8220;1\/4&#8243; el_class=&#8220;disable-neg-margin-resp&#8220; css=&#8220;.vc_custom_1655971896588{margin-top: -26% !important;}&#8220;]<div class='q_icon_with_title tiny custom_icon_image center '><div class=\"icon_holder \" style=\" \"><img decoding=\"async\" itemprop=\"image\" style=\"\" src=\"https:\/\/dieorthosprechstunde.com\/wp-content\/uploads\/2022\/06\/manuell.png\" alt=\"\"><\/div><div class=\"icon_text_holder\" style=\"\"><div class=\"icon_text_inner\" style=\"\"><h3 class=\"icon_title\" style=\"color: #ffffff;\">Manuelle Therapie<\/h3><p style='color: #ffffff'><\/p><\/div><\/div><\/div>[\/vc_column][\/vc_row][vc_row css_animation=&#8220;&#8220; row_type=&#8220;row&#8220; use_row_as_full_screen_section=&#8220;no&#8220; type=&#8220;grid&#8220; angled_section=&#8220;no&#8220; text_align=&#8220;left&#8220; background_image_as_pattern=&#8220;without_pattern&#8220; css=&#8220;.vc_custom_1654510619442{padding-top: 110px !important;padding-bottom: 100px !important;background-color: #ffffff !important;}&#8220; z_index=&#8220;&#8220;][vc_column][vc_column_text]<\/p>\n<h1 style=\"text-align: center;\">Arbeitsweise<\/h1>\n<p>[\/vc_column_text][vc_empty_space height=&#8220;30px&#8220;][vc_column_text]<\/p>\n<h4 style=\"font-weight: 400; text-align: center;\">Sie erhalten von mir eine ehrliche fundierte Therapieempfehlung als Zweitmeinung zu geplanten Therapien oder Operationen<\/h4>\n<p>[\/vc_column_text][\/vc_column][\/vc_row][vc_row css_animation=&#8220;&#8220; row_type=&#8220;row&#8220; use_row_as_full_screen_section=&#8220;no&#8220; type=&#8220;grid&#8220; angled_section=&#8220;no&#8220; text_align=&#8220;left&#8220; background_image_as_pattern=&#8220;without_pattern&#8220; css=&#8220;.vc_custom_1655986806255{padding-top: 0px !important;padding-bottom: 100px !important;background-color: #ffffff !important;}&#8220; z_index=&#8220;&#8220;][vc_column width=&#8220;1\/2&#8243;][vc_column_text]<\/p>\n<p style=\"font-weight: 400;\">Sie leiden unter akuten oder chronischen Schmerzen, funktionellen Problemen oder einer Erkrankung des St\u00fctz- und Bewegungsapparats? Ihnen wurde bereits eine Therapie empfohlen und m\u00f6chten noch einmal eine Zweitmeinung dazu haben, oder Ihnen wurde vielleicht eine Operation empfohlen und m\u00f6chten sich noch einmal eine unabh\u00e4ngige Meinung einholen?<\/p>\n<p>[\/vc_column_text][vc_empty_space height=&#8220;30px&#8220;][vc_column_text]<\/p>\n<p style=\"font-weight: 400;\">Dann sind sie hier in der Orthosprechstunde genau richtig. Mein Name ist Dr. med. Garvin Grebe. Ich bin Facharzt f\u00fcr Orthop\u00e4die und Unfallchirurgie mit langer klinischer und praktischer Erfahrung. Durch die Videosprechstunde k\u00f6nnen sie als Patienten aus ganz Deutschland von meiner Expertise und die meiner Kollegen profitieren. Das Ziel meiner Untersuchungen ist es die Ursache Ihrer Beschwerden herauszufinden. Dazu kombiniere ich in der Videosprechstunde eine ausf\u00fchrliche Anamnese mit der visuellen und k\u00f6rperlichen Untersuchung. Bei Bedarf werde ich ein MRT veranlassen.<\/p>\n<p>[\/vc_column_text][vc_empty_space height=&#8220;30px&#8220;][vc_column_text]<\/p>\n<p style=\"font-weight: 400;\">Nur wenn man die Ursache des Schmerzes erkennt lassen sich die Schmerzen auch nachhaltig therapieren. MRT Befunde betrachte ich eher skeptisch und lasse mich von Zufallsbefunden wie einem Bandscheibenvorfall oder einem Meniskusriss nicht zu sehr beeinflussen. Bei mir haben sie Gew\u00e4hr, dass ich immer erst die komplette Bandbreite der konservativen Therapie aussch\u00f6pfe bevor ich eine invasive Therapie oder eine OP empfehle. Die Vermeidung einer Operation hat f\u00fcr mich h\u00f6chstes Gebot.<\/p>\n<p>[\/vc_column_text][vc_empty_space height=&#8220;30px&#8220;][\/vc_column][vc_column width=&#8220;1\/2&#8243;][vc_single_image image=&#8220;730&#8243; img_size=&#8220;full&#8220; qode_css_animation=&#8220;&#8220; css=&#8220;.vc_custom_1656006664995{margin-right: 0px !important;border-right-width: 0px !important;padding-right: 0px !important;}&#8220;][\/vc_column][\/vc_row][vc_row css_animation=&#8220;&#8220; row_type=&#8220;row&#8220; use_row_as_full_screen_section=&#8220;no&#8220; type=&#8220;grid&#8220; angled_section=&#8220;no&#8220; text_align=&#8220;left&#8220; background_image_as_pattern=&#8220;without_pattern&#8220; css=&#8220;.vc_custom_1656420573740{padding-top: 30px !important;padding-bottom: 100px !important;background-color: #ffffff !important;}&#8220; z_index=&#8220;&#8220;][vc_column][vc_column_text]<\/p>\n<h1 style=\"text-align: center;\">Leistungen<\/h1>\n<p>[\/vc_column_text][\/vc_column][\/vc_row][vc_row css_animation=&#8220;&#8220; row_type=&#8220;row&#8220; use_row_as_full_screen_section=&#8220;no&#8220; type=&#8220;grid&#8220; angled_section=&#8220;no&#8220; text_align=&#8220;left&#8220; background_image_as_pattern=&#8220;without_pattern&#8220; css=&#8220;.vc_custom_1655986806255{padding-top: 0px !important;padding-bottom: 100px !important;background-color: #ffffff !important;}&#8220; z_index=&#8220;&#8220;][vc_column width=&#8220;1\/2&#8243;][vc_single_image image=&#8220;564&#8243; img_size=&#8220;full&#8220; qode_css_animation=&#8220;&#8220; css=&#8220;.vc_custom_1656005225019{margin-right: 0px !important;border-right-width: 0px !important;padding-right: 0px !important;}&#8220;][\/vc_column][vc_column width=&#8220;1\/2&#8243;][vc_column_text]<\/p>\n<ul>\n<li style=\"font-weight: 400;\">Sie erhalten von mir eine ehrliche fundierte Therapieempfehlung als <strong>Zweitmeinung <\/strong>zu geplanten Therapien oder Operationen<\/li>\n<li style=\"font-weight: 400;\">Eine <strong>Ersteinsch\u00e4tzung<\/strong> zu akuten Problemen<\/li>\n<li style=\"font-weight: 400;\">In einer <strong>Erstkonsultation<\/strong> zu l\u00e4nger anhaltende Beschwerden erhalten sie eine <strong>Therapieempfehlung<\/strong> ,auf Wunsch einen Therapieplan ggf. Krankengymnastik<\/li>\n<li style=\"font-weight: 400;\">Bei akuten Beschwerden erhalten sie eine <strong>Krankschreibung<\/strong> auf ein Privatrezept f\u00fcr <strong>bis zu 3 Arbeitstagen<\/strong><\/li>\n<li style=\"font-weight: 400;\">Bei Bedarf erhalten sie <strong>Rezepte \u00fcber orthop\u00e4dische Hilfsmittel\/Orthesen<\/strong> oder orthop\u00e4dische Schuheinlagen.<\/li>\n<li style=\"font-weight: 400;\">Und das alles ist m\u00f6glich wo und wann immer sie wollen, ganz ohne den zeitintensiven Weg in eine orthop\u00e4dische Praxis auf sich zu nehmen<\/li>\n<\/ul>\n<p>[\/vc_column_text][vc_empty_space height=&#8220;30px&#8220;][vc_column_text]<span style=\"color: #5f98d2;\"><strong>Ich freue mich Sie in der Orthosprechstunde begr\u00fc\u00dfen zu d\u00fcrfen!<\/strong><\/span>[\/vc_column_text][\/vc_column][\/vc_row]<\/p>\n","protected":false},"excerpt":{"rendered":"<p>[vc_row css_animation=&#8220;&#8220; row_type=&#8220;row&#8220; use_row_as_full_screen_section=&#8220;no&#8220; type=&#8220;grid&#8220; angled_section=&#8220;no&#8220; text_align=&#8220;left&#8220; background_image_as_pattern=&#8220;without_pattern&#8220; css=&#8220;.vc_custom_1656420064704{padding-top: 110px !important;padding-bottom: 100px !important;background-color: #ffffff !important;}&#8220; z_index=&#8220;&#8220;][vc_column offset=&#8220;vc_col-lg-7 vc_col-md-12&#8243;][vc_row_inner row_type=&#8220;row&#8220; type=&#8220;full_width&#8220; text_align=&#8220;left&#8220; css_animation=&#8220;&#8220;][vc_column_inner css=&#8220;.vc_custom_1519297537509{margin-right: 0px !important;border-right-width: 0px !important;padding-right: 0px !important;}&#8220;][vc_column_text] Dr. med. Garvin Grebe [\/vc_column_text][vc_empty_space height=&#8220;45px&#8220;][qode_elements_holder number_of_columns=&#8220;one_column&#8220;][qode_elements_holder_item advanced_animations=&#8220;no&#8220; item_padding=&#8220;0 0 0 0&#8243; item_padding_1024_1280=&#8220;0 0px 0 37px&#8220;&#8230;<\/p>\n","protected":false},"author":1,"featured_media":0,"parent":0,"menu_order":0,"comment_status":"closed","ping_status":"closed","template":"full_width.php","meta":{"footnotes":""},"class_list":["post-616","page","type-page","status-publish","hentry"],"_links":{"self":[{"href":"https:\/\/dieorthosprechstunde.com\/index.php?rest_route=\/wp\/v2\/pages\/616","targetHints":{"allow":["GET"]}}],"collection":[{"href":"https:\/\/dieorthosprechstunde.com\/index.php?rest_route=\/wp\/v2\/pages"}],"about":[{"href":"https:\/\/dieorthosprechstunde.com\/index.php?rest_route=\/wp\/v2\/types\/page"}],"author":[{"embeddable":true,"href":"https:\/\/dieorthosprechstunde.com\/index.php?rest_route=\/wp\/v2\/users\/1"}],"replies":[{"embeddable":true,"href":"https:\/\/dieorthosprechstunde.com\/index.php?rest_route=%2Fwp%2Fv2%2Fcomments&post=616"}],"version-history":[{"count":83,"href":"https:\/\/dieorthosprechstunde.com\/index.php?rest_route=\/wp\/v2\/pages\/616\/revisions"}],"predecessor-version":[{"id":766,"href":"https:\/\/dieorthosprechstunde.com\/index.php?rest_route=\/wp\/v2\/pages\/616\/revisions\/766"}],"wp:attachment":[{"href":"https:\/\/dieorthosprechstunde.com\/index.php?rest_route=%2Fwp%2Fv2%2Fmedia&parent=616"}],"curies":[{"name":"wp","href":"https:\/\/api.w.org\/{rel}","templated":true}]}}